e the remainder when 408449 is divided by 134.
17
Calculate the remainder when 98677 is divided by 506.
7
Calculate the remainder when 1560 is divided by 244.
96
What is the remainder when 1251 is divided by 624?
3
Calculate the remainder when 11419 is divided by 10.
9
Calculate the remainder when 317072 is divided by 55.
52
Calculate the remainder when 8469 is divided by 37.
33
What is the remainder when 5928 is divided by 403?
286
What is the remainder when 607 is divided by 330?
277
What is the remainder when 1739 is divided by 430?
19
What is the remainder when 52985 is divided by 217?
37
What is the remainder when 279145 is divided by 135?
100
Calculate the remainder when 18833 is divided by 68.
65
What is the remainder when 17876 is divided by 3574?
6
Calculate the remainder when 20029 is divided by 59.
28
What is the remainder when 934 is divided by 67?
63
What is the remainder when 7706 is divided by 261?
137
What is the remainder when 236935 is divided by 59224?
39
Calculate the remainder when 165147 is divided by 691.
689
Calculate the remainder when 3220 is divided by 875.
595
Calculate the remainder when 25172 is divided by 311.
292
Calculate the remainder when 8086 is divided by 50.
36
What is the remainder when 2097 is divided by 265?
242
What is the remainder when 59922 is divided by 4986?
90
Calculate the remainder when 7479 is divided by 86.
83
What is the remainder when 6906 is divided by 1150?
6
Calculate the remainder when 32827 is divided by 168.
67
What is the remainder when 1645 is divided by 611?
423
What is the remainder when 419755 is divided by 26?
11
What is the remainder when 4616 is divided by 119?
94
Calculate the remainder when 172794 is divided by 52.
50
What is the remainder when 6432 is divided by 1602?
24
What is the remainder when 72287 is divided by 12027?
125
Calculate the remainder when 18231 is divided by 721.
206
What is the remainder when 1796 is divided by 13?
2
Calculate the remainder when 4346 is divided by 8.
2
What is the remainder when 517898 is divided by 1121?
1117
Calculate the remainder when 404859 is divided by 1306.
1305
What is the remainder when 22343 is divided by 802?
689
What is the remainder when 143206 is divided by 442?
440
Calculate the remainder when 70810 is divided by 419.
418
Calculate the remainder when 8587 is divided by 614.
605
What is the remainder when 184065 is divided by 23002?
49
Calculate the remainder when 715 is divided by 670.
45
What is the remainder when 3716907 is divided by 791?
789
What is the remainder when 633 is divided by 18?
3
What is the remainder when 927176 is divided by 309053?
17
Calculate the remainder when 3647 is divided by 99.
83
Calculate the remainder when 2475 is divided by 696.
387
What is the remainder when 17592 is divided by 332?
328
What is the remainder when 3354459 is divided by 1413?
1410
Calculate the remainder when 25169 is divided by 25.
19
What is the remainder when 36718 is divided by 80?
78
What is the remainder when 20709 is divided by 133?
94
Calculate the remainder when 6168 is divided by 512.
24
What is the remainder when 7655 is divided by 188?
135
Calculate the remainder when 1716 is divided by 154.
22
What is the remainder when 20404 is divided by 1187?
225
Calculate the remainder when 948698 is divided by 369.
368
Calculate the remainder when 28279 is divided by 370.
159
Calculate the remainder when 18512 is divided by 378.
368
Calculate the remainder when 22630 is divided by 246.
244
Calculate the remainder when 378320 is divided by 1356.
1352
What is the remainder when 2249670 is divided by 749885?
15
Calculate the remainder when 220467 is divided by 121.
5
Calculate the remainder when 14890 is divided by 783.
13
What is the remainder when 34151 is divided by 384?
359
Calculate the remainder when 3991 is divided by 446.
423
What is the remainder when 2638 is divided by 350?
188
Calculate the remainder when 5758 is divided by 77.
60
Calculate the remainder when 9338 is divided by 3104.
26
What is the remainder when 54344 is divided by 192?
8
Calculate the remainder when 130701 is divided by 47.
41
Calculate the remainder when 14925 is divided by 75.
0
Calculate the remainder when 1109998 is divided by 12.
10
Calculate the remainder when 7469 is divided by 220.
209
What is the remainder when 11663 is divided by 48?
47
What is the remainder when 264269 is divided by 12?
5
Calculate the remainder when 3132082 is divided by 211.
209
What is the remainder when 133763 is divided by 9553?
21
Calculate the remainder when 55371 is divided by 4.
3
Calculate the remainder when 16814 is divided by 507.
83
What is the remainder when 48275 is divided by 34?
29
What is the remainder when 1133 is divided by 281?
9
Calculate the remainder when 871687 is divided by 5448.
7
Calculate the remainder when 362 is divided by 258.
104
What is the remainder when 12093 is divided by 1764?
1509
Calculate the remainder when 1296989 is divided by 18.
17
What is the remainder when 3766930 is divided by 117?
115
What is the remainder when 31441 is divided by 731?
8
Calculate the remainder when 10686 is divided by 981.
876
Calculate the remainder when 2504 is divided by 38.
34
Calculate the remainder when 28528 is divided by 386.
350
What is the remainder when 230411 is divided by 438?
23
Calculate the remainder when 60378 is divided by 204.
198
Calculate the remainder when 13239 is divided by 13221.
18
What is the remainder when 196 is divided by 51?
43
What is the remainder when 304718 is divided by 647?
628
What is the remainder when 881 is divided by 165?
56
What is the remainder when 232545 is divided by 25?
20
What is the remainder when 35172 is divided by 11?
5
What is the remainder when 13671 is divided by 40?
31
What is the remainder when 38063 is divided by 9476?
159
What is the remainder when 15317 is divided by 295?
272
Calculate the remainder when 30193 is divided by 974.
973
What is the remainder when 2359 is divided by 20?
19
Calculate the remainder when 2963 is divided by 128.
19
Calculate the remainder when 10788 is divided by 385.
8
What is the remainder when 2010 is divided by 1815?
195
What is the remainder when 4306 is divided by 4240?
66
Calculate the remainder when 279164 is divided by 194.
192
Calculate the remainder when 16254 is divided by 61.
28
What is the remainder when 5548 is divided by 800?
748
What is the remainder when 445748 is divided by 369?
365
What is the remainder when 3277 is divided by 484?
373
Calculate the remainder when 1594 is divided by 613.
368
Calculate the remainder when 4739723 is divided by 198.
197
What is the remainder when 7197 is divided by 898?
13
What is the remainder when 3099 is divided by 46?
17
Calculate the remainder when 1786758 is divided by 13.
12
What is the remainder when 91709 is divided by 88?
13
Calculate the remainder when 15305 is divided by 1020.
5
Calculate the remainder when 9308 is divided by 927.
38
Calculate the remainder when 155036 is divided by 46.
16
Calculate the remainder when 1586652 is divided by 657.
654
Calculate the remainder when 1007846 is divided by 71989.
0
Calculate the remainder when 26851 is divided by 4473.
13
Calculate the remainder when 28247 is divided by 25.
22
Calculate the remainder when 9250 is divided by 11.
10
What is the remainder when 13263 is divided by 18?
15
What is the remainder when 34412 is divided by 158?
126
Calculate the remainder when 277428 is divided by 277427.
1
What is the remainder when 853 is divided by 106?
5
What is the remainder when 479 is divided by 287?
192
What is the remainder when 5888 is divided by 26?
12
What is the remainder when 46010 is divided by 6572?
6
What is the remainder when 199075 is divided by 370?
15
Calculate the remainder when 4680 is divided by 175.
130
What is the remainder when 15847 is divided by 312?
247
Calculate the remainder when 1356 is divided by 48.
12
Calculate the remainder when 1807794 is divided by 62.
60
What is the remainder when 816026 is divided by 59?
56
What is the remainder when 33646 is divided by 17?
3
Calculate the remainder when 6052 is divided by 30.
22
What is the remainder when 8023 is divided by 2588?
259
What is the remainder when 14572 is divided by 494?
246
Calculate